{"id":15,"date":"2019-09-13T12:34:29","date_gmt":"2019-09-13T12:34:29","guid":{"rendered":"http:\/\/localhost\/gb-tecnica\/?page_id=15"},"modified":"2020-08-10T14:54:47","modified_gmt":"2020-08-10T14:54:47","slug":"novidades-page","status":"publish","type":"page","link":"https:\/\/www.gbtecnica.com.br\/index.php\/novidades-page\/","title":{"rendered":"GB BLOG"},"content":{"rendered":"\n<h3 style=\"text-align:center\">Sobre a GB T\u00e9cnica e nossa \u00e1rea<\/h3>\n\n\n\n<p style=\"text-align:center\">Acompanhe mat\u00e9rias, artigos e demais informa\u00e7\u00f5es.<br>Para voc\u00ea, cliente, e para voc\u00ea que \u00e9 da \u00e1rea, queremos que nosso blog seja uma excelente fonte de informa\u00e7\u00e3o.<br><\/p>\n","protected":false},"excerpt":{"rendered":"<p>Sobre a GB T\u00e9cnica e nossa \u00e1rea Acompanhe mat\u00e9rias, artigos e demais informa\u00e7\u00f5es.Para voc\u00ea, cliente, e para voc\u00ea que \u00e9 da \u00e1rea, queremos que nosso blog seja uma excelente fonte de informa\u00e7\u00e3o.<\/p>\n","protected":false},"author":1,"featured_media":0,"parent":0,"menu_order":0,"comment_status":"closed","ping_status":"closed","template":"page-novidades.php","meta":[],"_links":{"self":[{"href":"https:\/\/www.gbtecnica.com.br\/index.php\/wp-json\/wp\/v2\/pages\/15"}],"collection":[{"href":"https:\/\/www.gbtecnica.com.br\/index.php\/wp-json\/wp\/v2\/pages"}],"about":[{"href":"https:\/\/www.gbtecnica.com.br\/index.php\/wp-json\/wp\/v2\/types\/page"}],"author":[{"embeddable":true,"href":"https:\/\/www.gbtecnica.com.br\/index.php\/wp-json\/wp\/v2\/users\/1"}],"replies":[{"embeddable":true,"href":"https:\/\/www.gbtecnica.com.br\/index.php\/wp-json\/wp\/v2\/comments?post=15"}],"version-history":[{"count":7,"href":"https:\/\/www.gbtecnica.com.br\/index.php\/wp-json\/wp\/v2\/pages\/15\/revisions"}],"predecessor-version":[{"id":305,"href":"https:\/\/www.gbtecnica.com.br\/index.php\/wp-json\/wp\/v2\/pages\/15\/revisions\/305"}],"wp:attachment":[{"href":"https:\/\/www.gbtecnica.com.br\/index.php\/wp-json\/wp\/v2\/media?parent=15"}],"curies":[{"name":"wp","href":"https:\/\/api.w.org\/{rel}","templated":true}]}}